s 1135422 + -101?
1135321
In base 8, what is -41 - 43?
-104
In base 6, what is -15210 + 3155?
-12011
In base 3, what is -1101022110 + -11?
-1101022121
In base 13, what is c4b6 - 4b?
c468
In base 16, what is -227 - 202?
-429
In base 4, what is 1 + 11213230232?
11213230233
In base 15, what is -218a + -2?
-218c
In base 7, what is -3 - 364351?
-364354
In base 2, what is 101000111 - -101100011?
1010101010
In base 13, what is 3 - -7781?
7784
In base 6, what is -4212502 + 1?
-4212501
In base 11, what is -1 + 264648?
264647
In base 16, what is 7bf3 - a?
7be9
In base 3, what is -212001 + -1110?
-220111
In base 10, what is 330050 + -3?
330047
In base 7, what is -131 - -1154?
1023
In base 9, what is -1420 - -66?
-1343
In base 4, what is -130321333 + -20?
-130322013
In base 15, what is 3 + 5295?
5298
In base 8, what is -5 - 645441?
-645446
In base 15, what is 4 + 28986?
2898a
In base 7, what is 123040 + -1?
123036
In base 3, what is -220211202 - 20?
-220211222
In base 13, what is 9 - 4a424?
-4a418
In base 7, what is 0 + 206344?
206344
In base 3, what is -200 - 202211?
-210111
In base 10, what is -15345 - 4?
-15349
In base 7, what is -255163 + -4?
-255200
In base 7, what is -5 - 1315?
-1323
In base 4, what is 1 + -12303003?
-12303002
In base 6, what is 112250 - -10?
112300
In base 15, what is -2a + 5?
-25
In base 11, what is -8 + a734?
a727
In base 15, what is 5 - 96b1a?
-96b15
In base 16, what is -a2d2 - -23?
-a2af
In base 3, what is -110001 + -2011?
-112012
In base 14, what is -5c460 - 0?
-5c460
In base 13, what is -3b5991 + 5?
-3b5989
In base 5, what is 144 + -1134221?
-1134022
In base 4, what is -2 + 1031310221?
1031310213
In base 5, what is 330 + -330221?
-324341
In base 16, what is -2670 - -5?
-266b
In base 12, what is 3354 - -34?
3388
In base 6, what is 240 + -54254?
-54014
In base 9, what is 3037172 + -2?
3037170
In base 14, what is -963 - -47?
-91a
In base 2, what is 1111100101011101 - 10?
1111100101011011
In base 11, what is -1 - 398842?
-398843
In base 9, what is 1 - 2086410?
-2086408
In base 11, what is -12 - -1309?
12a7
In base 3, what is -22000 - -1210?
-20020
In base 12, what is 5a984 - 3?
5a981
In base 5, what is 12344044 + -101?
12343443
In base 2, what is -101010000101111101 - 0?
-101010000101111101
In base 2, what is -11000001110100001 + -1?
-11000001110100010
In base 5, what is 1322341 + -1?
1322340
In base 11, what is a63 - -104?
1067
In base 6, what is -11212 - -125?
-11043
In base 15, what is 1 + -17b384?
-17b383
In base 9, what is -1223 - 121?
-1344
In base 15, what is -5 + 2672dd?
2672d8
In base 15, what is -68e2 + c?
-68d5
In base 8, what is 2 - 46052?
-46050
In base 2, what is -101001100110110110 - -11?
-101001100110110011
In base 15, what is -58c69 - 4?
-58c6d
In base 6, what is 241001234 - 1?
241001233
In base 7, what is -4362 + -1221?
-5613
In base 11, what is -364 - 1881?
-2135
In base 10, what is -320350 + -3?
-320353
In base 8, what is 1 + 52136?
52137
In base 4, what is -13203111110 - 0?
-13203111110
In base 13, what is -177bb82 + 5?
-177bb7a
In base 3, what is -2200221 + 200?
-2200021
In base 3, what is 10 + -1201112120?
-1201112110
In base 8, what is 6255 + -33?
6222
In base 14, what is 7b + -594?
-517
In base 4, what is -1 - 330121320?
-330121321
In base 4, what is 1 + -1312223113?
-1312223112
In base 14, what is 151c + 7?
1525
In base 14, what is -d730 - 0?
-d730
In base 15, what is -1a + 13be?
13a4
In base 7, what is 106531 - -4?
106535
In base 6, what is 12512004 - -5?
12512013
In base 7, what is -3364 - -463?
-2601
In base 9, what is -23 - 2878?
-3012
In base 9, what is -65705 + -86?
-65802
In base 7, what is 236232 + 60?
236322
In base 16, what is -33 - 332?
-365
In base 2, what is 110010001101000011101 - 0?
110010001101000011101
In base 14, what is -19a - 23d?
-3d9
In base 15, what is -13 + 5a264?
5a251
In base 10, what is 27521 - -30?
27551
In base 7, what is -103 + -444?
-550
In base 5, what is -3 + 1130310?
1130302
In base 12, what is 2220 - -2?
2222
In base 11, what is -13a65 + 11?
-13a54
In base 7, what is -122 + -4120?
-4242
In base 13, what is -3 - 2bc3?
-2bc6
In base 4, what is -301 + -32001?
-32302
In base 5, what is 14230144 + 1?
14230200
In base 7, what is 12020 - -150?
12200
In base 13, what is -11aa - -78?
-1132
In base 12, what is a29710 - -2?
a29712
In base 15, what is -2c52 - -8?
-2c49
In base 10, what is 2 + -8066?
-8064
In base 7, what is -11 - -235025?
235014
In base 3, what is 0 + -101210210101?
-101210210101
In base 13, what is 72513 - 24?
724bc
In base 11, what is -50947 - 5?
-50951
In base 4, what is 13012 - 1003?
12003
In base 8, what is 3 - -40013?
40016
In base 13, what is -6a84 + -3?
-6a87
In base 12, what is -a5b72 - 16?
-a5b88
In base 2, what is -100001001 - -10000001?
-10001000
In base 6, what is -2 - 42425?
-42431
In base 5, what is 3004044 - -10?
3004104
In base 15, what is 2493 - -7?
249a
In base 4, what is 1 + -322000001?
-322000000
In base 13, what is 7a - -6?
83
In base 4, what is 1233 - 2200133?
-2132300
In base 11, what is -491640 + -2?
-491642
In base 8, what is -3 + 37560?
37555
In base 5, what is -102 + 42324?
42222
In base 11, what is 731 + 3a?
770
In base 15, what is -53 + -d0bd?
-d121
In base 7, what is -2621 - 3350?
-6301
In base 3, what is 2 + -222102110110?
-222102110101
In base 2, what is -10 - -100011000011001?
100011000010111
In base 7, what is 3 + -14215155?
-14215152
In base 16, what is 12 - 3d1dd?
-3d1cb
In base 9, what is 3308 + -206?
3102
In base 6, what is -350 - -111352?
111002
In base 14, what is -3054 + -1?
-3055
In base 7, what is 5046 + 104?
5153
In base 8, what is 5205 - 2631?
2354
In base 2, what is 1110010101011 + -1101100?
1110000111111
In base 6, what is 100 - 442530?
-442430
In base 16, what is 320f36 - 4?
320f32
In base 3, what is -10 + -2101002202122?
-2101002202202
In base 14, what is -331a - 3?
-331d
In base 14, what is -5a2 + 3c?
-564
In base 5, what is 0 - 1023?
-1023
In base 5, what is -334404 - -1?
-334403
In base 8, what is 304 - 2247?
-1743
In base 9, what is -274 + -38?
-323
In base 9, what is -150860 - -3?
-150856
In base 13, what is 6 + -3786?
-3780
In base 7, what is -24221 - -3?
-24215
In base 14, what is 3 + -12875?
-12872
In base 15, what is -119ada - 3?
-119add
In base 7, what is 31 - -232404?
232435
In base 3, what is 10 + 110202120?
110202200
In base 14, what is 110962 - 0?
110962
In base 3, what is -222220122 - 21?
-222220220
In base 11, what is 321 - 30?
2a1
In base 6, what is -2244301 + 10?
-2244251
In base 8, what is 124614 + 34?
124650
In base 13, what is b77 - 60?
b17
In base 11, what is 5554 - -3?
5557
In base 11, what is -600aa9 + -1?
-600aaa
In base 9, what is 6326402 - -4?
6326406
In base 7, what is 131216 - -1?
131220
In base 6, what is 1 + 22504?
22505
In base 14, what is -b - 10c2?
-10cd
In base 6, what is -5 - 15354?
-15403
In base 15, what is 0 + -1acb?
-1acb
In base 10, what is 5495 + -247?
5248
In base 4, what is 11 - 1011000?
-1010323
In base 14, what is 1 - -1329?
132a
In base 11, what is -161a6 + 1?
-161a5
In base 9, what is 2 - -5000?
5002
In base 10, what is 66 + -535?
-469
In base 11, what is -191 - -165?
-27
In base 13, what is 367 + -14?
353
In base 14, what is 4359 + -6?
4353
In base 2, what is 11101 + 101110001010?
101110100111
In base 11, what is -5 - -12743?
12739
In base 2, what is 110010000000011100 + 0?
110010000000011100
In base 13, what is -41610 + -b?
-4161b
In base 4, what is -32312 - 120?
-33032
In base 11, what is -684565 - 2?
-684567
In base 10, what is -33 + 8926?
8893
In base 13, what is 1 + 44?
45
In base 13, what is 4 - 111747?
-111743
In base 14, what is -671 - -19?
-656
In base 6, what is 21432 + -334?
21054
In base 3, what is -11220 - 10101?
-22021
In base 2, what is 10111010 - -1000001101110?
1000100101000
In base 7, what is -65602 + -222?
-66124
In base 5, what is 3231 + -100330?
-42044
In base 12, what is 18b3 + -8?
18a7
In base 2, what is -11000000100000111 + -101?
-11000000100001100
In base 15, what is -2 + 5080?
507d
In base 5, what is 121323 - 140?
121133
In base 16, what is 2 - 5c03c?
-5c03a
In base 14, what is -d65a3 - 4?
-d65a7
In base 15, what is a + 5a16?
5a21
In base 11, what is 12 - -a84?
a96
In base 11, what is 47 - 75a?
-713
In base 11, what is 50745 - -2?
50747
